nd derivative of -l**4/12 + 5*l**3/3 - 26*l - 1. Give v(14).
-56
Let o(z) be the third derivative of -z**6/120 - 7*z**5/60 + 11*z**4/24 - 5*z**3/6 + 17*z**2. Suppose -20*v + 2*c = -18*v + 12, 3*c + 6 = 0. Determine o(v).
-29
Let s(d) = d + 1. Let g(a) = 2*a**2 - 75*a + 36. Let l be g(37). Let m(r) = 2*r**2 - 9*r + 4. Let b(u) = l*m(u) - s(u). Calculate b(5).
-15
Let b(x) = x - 13. Let g be b(-10). Let w = g - -20. Let u(j) = 10 + j - 8 + j**2 + j. Give u(w).
5
Let y(w) = w**3 - 24*w**2 + w - 32. Suppose 49 = -p + f + 74, 0 = 2*p + 5*f - 43. Determine y(p).
-8
Let g(b) = -11*b + 1. Suppose 0 = 3*h + 5*m - 10, 5*m - 1 = -2*h + 4. Suppose 0 = -h*x - 11*x + 48. Determine g(x).
-32
Suppose n - 5*t - 17 = 0, -4*t = -2*t. Suppose 9 = 3*x + 3*h, 3*x - 2*h = -h + n. Let a(s) = -s**2 + 6*s - 2. Determine a(x).
3
Suppose -16*q - 478 = -510. Let r(j) = -3*j**2 + 14*j - 24. Determine r(q).
-8
Let z(r) be the first derivative of -2*r**2 + 46*r + 2250. Calculate z(-5).
66
Suppose -52*v - 11*v = 252. Suppose t - 3*c = -6*c - 11, -36 = -4*t + 4*c. Let i(y) = 2*y**2 + 2*y**2 + 4*y**2 + 4 + y**3 - t*y**2. Calculate i(v).
4
Let v be -3 - 264/(-45) - 4/(-30). Let q(i) = -8*i - v + 5*i + i - 4*i. What is q(-7)?
39
Let o(i) = 4*i + 14 - 3*i + 16*i + 4*i - 21*i - i. Suppose -2*g - 2*c = -8, 0*g - 5*g - c + 36 = 0. Calculate o(g).
6
Let q = -61 - -63. Let n be q/(-8) - 63/4. Let o be (12 + n)*(-2)/8. Let l(y) = 5*y**2 - y. Determine l(o).
4
Let k(b) be the first derivative of b**4/4 + 2*b**3/3 + 2*b**2 - b - 1. Suppose -j - 4 = -2*f, -181*j + 24 = -4*f - 183*j. What is k(f)?
-9
Let v be ((-4)/(-14))/(30/420). Suppose 3*b + 21 = -v*k, 5*b + 19 + 6 = -5*k. Let r(n) = 2*n - 5. What is r(k)?
-17
Let a(k) = -k**3 + 3*k**2 + 10*k - 28. Let x(s) = s**3 - 4*s**2 - 11*s + 27. Let r(i) = -8*a(i) - 7*x(i). What is r(-6)?
-19
Let g(y) be the third derivative of 5/3*y**3 - 1/12*y**4 + 0 + 7/60*y**5 + 0*y - 29*y**2 - 1/120*y**6. Give g(7).
-4
Let d(l) = l**3 + 3*l**2 + 16*l + 24. Let f(a) = -2*a**2 + a + 5. Let m(n) = -d(n) + 6*f(n). Determine m(-14).
-50
Suppose 3*l + 0*q + 2*q - 2 = 0, 2*q + 10 = 0. Let j(z) be the second derivative of 0 - 2/3*z**3 - 4*z + 3*z**2. What is j(l)?
-10
Suppose 0 = 71*i - 83*i + 48. Let d(b) = -13*b + 2. Determine d(i).
-50
Let f be (525/77 + -3 + -4)/(6/(-22)). Let p(h) be the third derivative of -f*h**3 + 0*h**5 + 0 + 0*h - 1/24*h**4 + 1/120*h**6 + 9*h**2. What is p(0)?
-4
Suppose -7*i + 26 = -9*i + 2*m, -29 = 3*i + 2*m. Let j(s) = -s**2 - 23*s - 9. What is j(i)?
123
Let s(x) = x**3 - 26 + 37647*x**2 + 0*x**3 - 37668*x**2 - 45*x. Give s(23).
-3
Let d(p) = p**3 - 6*p**2 + 11*p - 4. Let b be 26/(-4)*(-280)/455. Let r(v) = v**2 + v + 1. Let a(c) = b*r(c) - d(c). Determine a(9).
26
Let y(u) = 20*u + 225. Let v = 27137 - 27149. What is y(v)?
-15
Let l(v) = v**2 - v + 1. Let g be (-3)/15 - (-1)/(5/6). Let p(u) = 2*u - 5. Let j(y) = g*p(y) + 4*l(y). Calculate j(-1).
5
Let q(y) = -2*y + 15. Let a(s) = -s + 1. Let k = 9 - 8. Let t(i) = k*q(i) - a(i). Let g be -16*(-11)/(23 - 1). Give t(g).
6
Let i(w) be the first derivative of w**3/6 - 6*w**2 - 106*w - 103. Let n(g) be the first derivative of i(g). Calculate n(0).
-12
Let u(t) be the third derivative of -t**5/60 - 17*t**4/24 - 4*t**3/3 - 4*t**2 - 3*t + 42. Give u(-20).
-68
Let s be 6/(-4) + (-21)/(-2). Let g(r) = r**3 - 9*r**2 + r - 12. Calculate g(s).
-3
Let m(i) = 2*i**2 - 13*i - 9. Let t be m(8). Let r(n) = n**3 - 16*n**2 + 21*n - 36. Let g be r(t). Let b = -52 + g. Let f(k) = -k - 1. Calculate f(b).
-3
Let c(p) = -2*p**3 + 12*p**2 + 2*p - 7. Suppose 2*y = -57*d + 60*d - 9, -2*d = -14. Give c(y).
5
Let n be (15/10)/(0 + 2/4). Let a(j) = j + 7*j - 6*j - 2*j**2 + n*j - 6*j. Let x be (3 + -1*2)/(-1). Calculate a(x).
-1
Let h(v) be the second derivative of -v**5/4 + v**4/6 + v**3/3 + 3477*v. Determine h(-1).
5
Let y(p) = 29*p**2 + 34*p + 52. Let z(g) = 72*g**2 + 68*g + 106. Let i(t) = -5*y(t) + 2*z(t). Determine i(-32).
16
Let i(f) = -f**3 + 15*f**2 + 12*f + 26. Let w(n) = -77*n - 1447. Let k be w(-19). Give i(k).
-38
Let z(l) = 2*l + 10. Suppose 3*q + 3*v + 981 = q, -4*v + 4 = 0. Let x = q + 484. Calculate z(x).
-6
Let h(b) = -3*b - 7. Let d be 1 + 2 + 5 - 5. Suppose -10 = d*n + 8. Determine h(n).
11
Let u(q) = 9*q**3 - 27*q**2 + 8*q - 3. Let l(m) = 6*m**3 - 15*m**2 + 4*m - 2. Let y(x) = -7*l(x) + 4*u(x). Determine y(2).
-50
Let j = 156 + -162. Let z be (-4)/j + 238/21. Let s(r) = r**3 - 13*r**2 + 13*r - 5. Calculate s(z).
7
Let d(n) be the first derivative of 2/3*n**3 - 30 + 4*n - 4*n**2. Determine d(5).
14
Let u(i) = -3*i**3 - 5*i**2 + 3*i - 6. Let x(b) = 4*b**3 + 5*b**2 - 5*b + 6. Let l be 37/(-7) - (-1 - 15/(-21)). Let t(k) = l*u(k) - 4*x(k). Calculate t(6).
0
Suppose 11 + 4 = -3*g. Let f(k) = 23*k + 3. Let y(r) = -9*r - 3. Let a(p) = 2*f(p) + 5*y(p). Calculate a(g).
-14
Let h(c) = -c**2 + 8*c - 9. Suppose 2*k + 167 = 3*i - 4, -4*k + 3*i - 339 = 0. Let r(v) = 81*v + 410. Let o be r(-6). Let l = o - k. Give h(l).
-9
Let k(w) = -2*w**2 + 8*w + 3. Suppose -9*g = -5*c - 5*g + 43, 3*c - 2*g - 23 = 0. What is k(c)?
9
Let x be ((-3)/6)/((-1)/4). Let n = x - 5. Let u(k) be the first derivative of k**4/4 + 2*k**3/3 - k**2 + 2*k + 679. Calculate u(n).
-1
Suppose -33*c + 61*c + 112 = 0. Suppose -3*r + 2 = -1. Let t = c - r. Let g(m) = m**3 + 4*m**2 - 5*m - 4. Calculate g(t).
-4
Let r(h) = -209*h + 3 - 3*h**2 + 119*h + 104*h + 16. Let g be r(6). Let k(x) be the first derivative of x**3/3 + 2*x**2 + 3*x + 1. Calculate k(g).
8
Let z(h) be the second derivative of -h**4/12 - h**3 - 3*h**2/2 + 12*h. Let i(c) = 40*c**2 - 281*c + 5. Let g be i(7). Give z(g).
5
Suppose -137*g + 117*g - 60 = 0. Let m(b) = -34*b - 107. Give m(g).
-5
Suppose -1 = -5*t + 14, -5*i + t = -72. Suppose -3*l + 6 + i = 0. Let c(y) = 3*y - 12. Let g(x) = -1. Let w(m) = c(m) - 2*g(m). Give w(l).
11
Let j(b) = 1. Suppose -k - y - 6 - 1 = 0, y - 3 = 4*k. Let o(n) = 0 + 9 + 204*n - 106*n - 100*n. Let h(t) = k*o(t) + 22*j(t). What is h(-3)?
-8
Suppose 0 = l - 5*a + 23, 0 = l + 4*l + 4*a + 115. Let m(v) = -9*v + 10*v - v**2 - 22*v + 41. Let o be m(l). Let q(r) = r + 5. Determine q(o).
0
Let t(d) = -4 + 173*d**2 - 5*d**2 - d - 163*d**2. Determine t(2).
14
Let j(c) = -c**3 + 5*c**2 - 6*c + 5. Let l = 347 - 323. Let d be (l/(-10))/((-108)/180). Give j(d).
-3
Suppose -104*l + 377 + 975 = 0. Let m(c) be the third derivative of c**5/60 - 13*c**4/24 - 7*c**3/6 + 8*c**2. Determine m(l).
-7
Let o = -2714 + 2718. Let b = -2 - 6. Let n be (-6 + o)/((b/(-4))/1). Let v(c) = -8*c**3 - c**2 - c. Determine v(n).
8
Let g be 5/(30/28)*((-10)/(-20) + 1). Let x(o) = o**2 - 3*o - 1. What is x(g)?
27
Let y(c) be the second derivative of -c**4/12 + 5*c**3/6 + 83*c**2/2 + 63*c + 11. What is y(11)?
17
Let c(d) = -10*d - 337. Let p be c(-34). Let n(w) be the third derivative of 0 + 1/6*w**p + 0*w + 1/8*w**4 - 1/60*w**5 - 10*w**2. What is n(4)?
-3
Let k(a) be the first derivative of a**3/3 - a**2 + 3*a + 3850. Let d = -5 + 9. Give k(d).
11
Let h(m) = 3*m + 52. Suppose -5*n + 5*i - 611 + 511 = 0, 34 = -2*n - 4*i. Calculate h(n).
-5
Let g(z) = -11*z**3 - 2*z**2 - z + 1. Suppose 43 = 69*j - 26*j. Calculate g(j).
-13
Let c(z) = -5 + 8*z**3 - 4*z**3 + z - z**2 + z**3 - 6*z**3 + 6. Give c(4).
-75
Let r(g) be the first derivative of -g**2/2 - 8*g + 1. Let k be -12 + (-3 - -1) + 25*(-168)/(-600). Determine r(k).
-1
Let x be (-2)/4 - ((-81)/18 + 1). Let g(v) = 3 - 444*v - v**x - 6*v**2 - 1 - v**2 + 439*v. Give g(-4).
-26
Let o(x) be the first derivative of x**4/6 - 7*x**3/6 + 3*x**2 - 101*x + 41. Let r(t) be the first derivative of o(t). Calculate r(4).
10
Let d(c) = 2*c**3 - 2*c + 1. Suppose -141*l = -17*l - 124. What is d(l)?
1
Let c(d) = -d**3 + 2*d**2 + 3*d - 3. Let o be c(2). Let l(q) = 481*q**2 + 16 + 2*q**3 - o*q**3 - 496*q**2 + q. Calculate l(-15).
1
Let l be ((-36)/(-24))/(3/(-162)). Let u = l - -83. Let f(n) = n**3 - n**u + 0*n**3 + 3 - 2*n**3 + 3*n**2. Determine f(3).
-6
Suppose -3*g + 5*r - 47 = 0, 3*r + 60 = -3*g + 21. Let m be (g - (-10)/5)*11/(-44). Let b(p) = 0*p**2 + p + 2*p - 3*p**2 + p**3 - 4. Determine b(m).
5
Let g be (-4)/(12/(-9)) + 2. Let n(b) = g - 188*b + 379*b - b**2 - 193*b. Determine n(-6).
-19
Let f(x) = 136*x**2 - 3*x - 3. Suppose -10256*p + 10272*p + 10 +